{"id":200,"date":"2020-03-21T20:03:45","date_gmt":"2020-03-21T20:03:45","guid":{"rendered":"http:\/\/obssc.info\/?page_id=200"},"modified":"2020-05-03T14:55:25","modified_gmt":"2020-05-03T14:55:25","slug":"praesentationen","status":"publish","type":"page","link":"https:\/\/obssc.de\/?page_id=200","title":{"rendered":"Pr\u00e4sentationen"},"content":{"rendered":"\n<p>Ein Anliegen unserer Vereinsarbeit ist es von Anfang an, unser sch\u00f6nes Hobby einer breiten \u00d6ffentlichkeit vorzustellen. Dazu nutzten wir bereits im Sommer 2001 die Ausstellung im Geraer Museum f\u00fcr angewandte Kunst <strong>&#8222;Von der Kunst schwarz zu sehen&#8220;<\/strong> zur Geschichte der K\u00f6stritzer Schwarzbierbrauerei. Daf\u00fcr stellten Clubmitglieder spezielle Leihgaben zur Verf\u00fcgung.<\/p>\n\n\n\n<div class=\"wp-block-group\"><div class=\"wp-block-group__inner-container is-layout-flow wp-block-group-is-layout-flow\">\n<div class=\"wp-block-group\"><div class=\"wp-block-group__inner-container is-layout-flow wp-block-group-is-layout-flow\">\n<hr class=\"wp-block-separator is-style-wide\"\/>\n<\/div><\/div>\n<\/div><\/div>\n\n\n\n<p>Ausgehend davon, dass die H\u00f6hler unter einem Teil der Geraer Altstadt in fr\u00fcheren Zeiten der Lagerung des selbst gebrauten Bieres dienten, stellten wir uns im April 2002 in einer gemeinsamen Mitgliederversammlung im Geraer H\u00f6hlerverein vor. Im Ergebnis dessen beteiligten wir uns an einer Ausstellung in den Gera Arcaden anl\u00e4sslich des H\u00f6hlerfestes im Herbst 2006.<\/p>\n\n\n\n<hr class=\"wp-block-separator is-style-wide\"\/>\n\n\n\n<p>Ebenfalls in den Gera Arcaden fand im Sommer 2002 die Pr\u00e4sentation <strong>&#8222;Sammler-Versammlung&#8220;<\/strong> statt, wo Geraer Vereine ihre unterschiedlichsten Sammelleidenschaften vorstellten. Hier pr\u00e4sentierten wir uns mit Vitrinen, wo wir die Vielfalt unseres Hobbys den G\u00e4sten der Arcaden pr\u00e4sentieren konnten.<\/p>\n\n\n\n<hr class=\"wp-block-separator is-style-wide\"\/>\n\n\n\n<figure class=\"wp-block-image size-full\"><img loading=\"lazy\" decoding=\"async\" width=\"291\" height=\"400\" src=\"https:\/\/obssc.de\/wp-content\/uploads\/2020\/03\/flyer-2.jpg\" alt=\"\" class=\"wp-image-50\" srcset=\"https:\/\/obssc.de\/wp-content\/uploads\/2020\/03\/flyer-2.jpg 291w, https:\/\/obssc.de\/wp-content\/uploads\/2020\/03\/flyer-2-218x300.jpg 218w\" sizes=\"auto, (max-width: 291px) 100vw, 291px\" \/><figcaption>Flyer zur Ausstellung auf der Osterburg Weida<\/figcaption><\/figure>\n\n\n\n<p>Unsere bisher gr\u00f6\u00dfte Pr\u00e4sentation hatten wir im Fr\u00fchjahr 2006 mit der Ausstellung <strong>&#8222;Bierische Sammlerleidenschaften&#8220;<\/strong> in der Remise der Osterburg Weida. Neben drei speziellen Vitrinen zur Brautradition in Gera, Bad K\u00f6stritz und Weida stellten unsere Sammlerfreunde vor, was von ihnen alles &#8222;rund um das Bier&#8220; gesammelt wird.<\/p>\n\n\n\n<hr class=\"wp-block-separator is-style-wide\"\/>\n\n\n\n<figure class=\"wp-block-image size-full\"><img loading=\"lazy\" decoding=\"async\" width=\"600\" height=\"312\" src=\"https:\/\/obssc.de\/wp-content\/uploads\/2020\/03\/SL370099xx.jpg\" alt=\"\" class=\"wp-image-69\" srcset=\"https:\/\/obssc.de\/wp-content\/uploads\/2020\/03\/SL370099xx.jpg 600w, https:\/\/obssc.de\/wp-content\/uploads\/2020\/03\/SL370099xx-300x156.jpg 300w\" sizes=\"auto, (max-width: 600px) 100vw, 600px\" \/><figcaption>Festumzug 800 Jahre Stadt Weida<\/figcaption><\/figure>\n\n\n\n<p>Gemeinsam mit der &#8222;Schwarzbiertruppe Weida&#8220; gestalteten die OBSSC-Mitglieder Renate &amp; Peter Dorrer, Nicole Dorrer und Bernd Coppi im Festumzug anl\u00e4\u00dflich der Feierlichkeiten 800 Jahre Stadt Weida am 6. September 2009 das Bild &#8222;Braurecht seit 1377&#8220;.<\/p>\n\n\n\n<hr class=\"wp-block-separator is-style-wide\"\/>\n\n\n\n<figure class=\"wp-block-image size-full\"><img loading=\"lazy\" decoding=\"async\" width=\"1802\" height=\"2560\" src=\"https:\/\/obssc.de\/wp-content\/uploads\/2020\/05\/IMG_4505-Zeitung-VdM-1-scaled.jpg\" alt=\"\" class=\"wp-image-432\" srcset=\"https:\/\/obssc.de\/wp-content\/uploads\/2020\/05\/IMG_4505-Zeitung-VdM-1-scaled.jpg 1802w, https:\/\/obssc.de\/wp-content\/uploads\/2020\/05\/IMG_4505-Zeitung-VdM-1-211x300.jpg 211w, https:\/\/obssc.de\/wp-content\/uploads\/2020\/05\/IMG_4505-Zeitung-VdM-1-721x1024.jpg 721w, https:\/\/obssc.de\/wp-content\/uploads\/2020\/05\/IMG_4505-Zeitung-VdM-1-768x1091.jpg 768w, https:\/\/obssc.de\/wp-content\/uploads\/2020\/05\/IMG_4505-Zeitung-VdM-1-1081x1536.jpg 1081w, https:\/\/obssc.de\/wp-content\/uploads\/2020\/05\/IMG_4505-Zeitung-VdM-1-1441x2048.jpg 1441w\" sizes=\"auto, (max-width: 767px) 89vw, (max-width: 1000px) 54vw, (max-width: 1071px) 543px, 580px\" \/><figcaption>Unsere Seite in der OTZ vom 14. August 2010<\/figcaption><\/figure>\n\n\n\n<p>Im Zeitraum zwischen 2009 und 2018 hat die Ostth\u00fcringer Zeitung gemeinsam mit der Volksbank eG die Aktion <strong>\u201eVerein des Monats\u201c<\/strong> durchgef\u00fchrt. Diese M\u00f6glichkeit wollten wir nat\u00fcrlich auch nutzen um unseren OBSSC bekannter zu machen. Wir glaubten zwar nicht so recht an einen Erfolg, reichten aber dennoch einen Antrag ein und wir durften tats\u00e4chlich mitmachen. So wurden in diesem Zeitraum neben unserem OBSSC insgesamt 180 Vereine aus der Region mit gro\u00dfen Sonderseiten in der Tageszeitung vorgestellt. Im Monat August 2010 war es dann soweit, der OBSSC stand neben zwei weiteren Vereinen zur Wahl. Da hie\u00df es f\u00fcr uns alle Kr\u00e4fte b\u00fcndeln und Stimmen sammeln was die Stadt hergab. Selbst auf diversen Tauschtreffen sammelten wir unter den Sammlerfreunden unsere Stimmen. Am Ende wurden wir daf\u00fcr belohnt, schafften wir doch das scheinbar Unm\u00f6gliche \u2013 <strong>der OBSSC wurde zum Verein des Monats August 2010 gek\u00fchrt!<\/strong> Dabei gelang es uns unter anderem den TuS Osterburg Weida stimmenm\u00e4\u00dfig hinter uns zu lassen. Einen Teil des Preisgeldes spendeten wir an die Osterburg Weida zur Sanierung der Turmspitze. Mit dem Hintergrund, dass sich der Verein seinerzeit bekanntlich in Weida gegr\u00fcndet hat. Der Restbetrag ist im Gro\u00dfen und Ganzen f\u00fcr die Vereinsarbeit vorgesehen. Aber selbstverst\u00e4ndlich auch f\u00fcr eine Runde Bier zum Ansto\u00dfen auf unseren \u00fcberragenden wie auch unerwarteten Sieg.<\/p>\n\n\n\n<figure class=\"wp-block-image size-full\"><img loading=\"lazy\" decoding=\"async\" width=\"1823\" height=\"2560\" src=\"https:\/\/obssc.de\/wp-content\/uploads\/2020\/05\/IMG_4503-Urkunde-VdM-scaled.jpg\" alt=\"\" class=\"wp-image-431\" srcset=\"https:\/\/obssc.de\/wp-content\/uploads\/2020\/05\/IMG_4503-Urkunde-VdM-scaled.jpg 1823w, https:\/\/obssc.de\/wp-content\/uploads\/2020\/05\/IMG_4503-Urkunde-VdM-214x300.jpg 214w, https:\/\/obssc.de\/wp-content\/uploads\/2020\/05\/IMG_4503-Urkunde-VdM-729x1024.jpg 729w, https:\/\/obssc.de\/wp-content\/uploads\/2020\/05\/IMG_4503-Urkunde-VdM-768x1078.jpg 768w, https:\/\/obssc.de\/wp-content\/uploads\/2020\/05\/IMG_4503-Urkunde-VdM-1094x1536.jpg 1094w, https:\/\/obssc.de\/wp-content\/uploads\/2020\/05\/IMG_4503-Urkunde-VdM-1458x2048.jpg 1458w\" sizes=\"auto, (max-width: 767px) 89vw, (max-width: 1000px) 54vw, (max-width: 1071px) 543px, 580px\" \/><figcaption>Die Urkunde zu unserem Sieg<\/figcaption><\/figure>\n\n\n\n<hr class=\"wp-block-separator has-text-color has-background has-cyan-bluish-gray-background-color has-cyan-bluish-gray-color is-style-wide\"\/>\n\n\n\n<figure class=\"wp-block-image size-full\"><img loading=\"lazy\" decoding=\"async\" width=\"283\" height=\"400\" src=\"https:\/\/obssc.de\/wp-content\/uploads\/2020\/03\/OBSSC_Plakat_Homepage2.jpg\" alt=\"\" class=\"wp-image-80\" srcset=\"https:\/\/obssc.de\/wp-content\/uploads\/2020\/03\/OBSSC_Plakat_Homepage2.jpg 283w, https:\/\/obssc.de\/wp-content\/uploads\/2020\/03\/OBSSC_Plakat_Homepage2-212x300.jpg 212w\" sizes=\"auto, (max-width: 283px) 100vw, 283px\" \/><figcaption>Flyer zur Ausstellung im Kulturbund Gera<\/figcaption><\/figure>\n\n\n\n<p>Unter dem Titel <strong>&#8222;Sammelsurium rund um\u00b4s Bier &#8211; der OBSSC zeigt Bierkultur und Sammlergl\u00fcck&#8220;<\/strong> stellten wir von Dezember 2010 bis Februar 2011 im Kulturbund Gera eine kleine Auswahl dessen aus, was unsere Mitglieder im Laufe der Zeit zum Thema Bier zusammengetragen haben. Zus\u00e4tzlich zu den normalen \u00d6ffnungszeiten waren an drei Januar-Samstagen jeweils OBSSC-Mitglieder in der Ausstellung vor Ort und konnten so gezielt auf Fragen der interessierten Besucher eingehen.<\/p>\n\n\n\n<figure class=\"wp-block-image size-full\"><img loading=\"lazy\" decoding=\"async\" width=\"300\" height=\"245\" src=\"https:\/\/obssc.de\/wp-content\/uploads\/2020\/03\/SL371695x.jpg\" alt=\"\" class=\"wp-image-100\"\/><figcaption>gut besuchte Ausstellungser\u00f6ffnung im Kulturbund<\/figcaption><\/figure>\n\n\n\n<hr class=\"wp-block-separator is-style-wide\"\/>\n\n\n\n<figure class=\"wp-block-image size-large\"><img loading=\"lazy\" decoding=\"async\" width=\"1024\" height=\"582\" src=\"https:\/\/obssc.de\/wp-content\/uploads\/2020\/05\/P1000374x-1024x582.jpg\" alt=\"\" class=\"wp-image-433\" srcset=\"https:\/\/obssc.de\/wp-content\/uploads\/2020\/05\/P1000374x-1024x582.jpg 1024w, https:\/\/obssc.de\/wp-content\/uploads\/2020\/05\/P1000374x-300x171.jpg 300w, https:\/\/obssc.de\/wp-content\/uploads\/2020\/05\/P1000374x-768x437.jpg 768w, https:\/\/obssc.de\/wp-content\/uploads\/2020\/05\/P1000374x-1536x874.jpg 1536w, https:\/\/obssc.de\/wp-content\/uploads\/2020\/05\/P1000374x-2048x1165.jpg 2048w\" sizes=\"auto, (max-width: 767px) 89vw, (max-width: 1000px) 54vw, (max-width: 1071px) 543px, 580px\" \/><figcaption>Die OBSSC-Vertreter vor Ort am Pr\u00e4sentationsstand<\/figcaption><\/figure>\n\n\n\n<p>Am 2. Februar 2019 wurde die Aktion <strong>\u201eVerein des Monats\u201c<\/strong> mit dem <strong>\u201eTag der Vereine\u201c<\/strong> im Geraer Kultur- und Kongresszentrum nach 10 erfolgreichen Jahren beendet und entsprechend gefeiert. Hier waren zur gro\u00dfen Abschlussveranstaltung alle 180 teilnehmenden Vereine eingeladen um sich nochmals zu pr\u00e4sentieren. Gleichzeitig wollte man abschlie\u00dfend den Verein des jeweiligen Jahres und daraus resultierend den Verein aller teilnehmenden Vereine k\u00fcren. Es war ein sch\u00f6ner und interessanter Tag im KuK. Viele aber bei weitem nicht alle Vereine pr\u00e4sentierten sich nochmals und zeigten teilweise auch im Rahmenprogramm ihre Vereinsarbeit. <\/p>\n\n\n\n<figure class=\"wp-block-image size-full\"><img loading=\"lazy\" decoding=\"async\" width=\"1332\" height=\"832\" src=\"https:\/\/obssc.de\/wp-content\/uploads\/2020\/05\/LETA9661x.jpg\" alt=\"\" class=\"wp-image-434\" srcset=\"https:\/\/obssc.de\/wp-content\/uploads\/2020\/05\/LETA9661x.jpg 1332w, https:\/\/obssc.de\/wp-content\/uploads\/2020\/05\/LETA9661x-300x187.jpg 300w, https:\/\/obssc.de\/wp-content\/uploads\/2020\/05\/LETA9661x-1024x640.jpg 1024w, https:\/\/obssc.de\/wp-content\/uploads\/2020\/05\/LETA9661x-768x480.jpg 768w\" sizes=\"auto, (max-width: 767px) 89vw, (max-width: 1000px) 54vw, (max-width: 1071px) 543px, 580px\" \/><figcaption>Geras OB Julian Vonarb (m.) machte sich ebenfalls ein Bild von unserem sch\u00f6nen Hobby<\/figcaption><\/figure>\n\n\n\n<figure class=\"wp-block-image size-large\"><img loading=\"lazy\" decoding=\"async\" width=\"1024\" height=\"601\" src=\"https:\/\/obssc.de\/wp-content\/uploads\/2020\/05\/P1000368x-1024x601.jpg\" alt=\"\" class=\"wp-image-435\" srcset=\"https:\/\/obssc.de\/wp-content\/uploads\/2020\/05\/P1000368x-1024x601.jpg 1024w, https:\/\/obssc.de\/wp-content\/uploads\/2020\/05\/P1000368x-300x176.jpg 300w, https:\/\/obssc.de\/wp-content\/uploads\/2020\/05\/P1000368x-768x451.jpg 768w, https:\/\/obssc.de\/wp-content\/uploads\/2020\/05\/P1000368x-1536x902.jpg 1536w, https:\/\/obssc.de\/wp-content\/uploads\/2020\/05\/P1000368x-2048x1203.jpg 2048w\" sizes=\"auto, (max-width: 767px) 89vw, (max-width: 1000px) 54vw, (max-width: 1071px) 543px, 580px\" \/><figcaption>Andreas Hartmann (l.) von der Volksbank an unserem Stand<\/figcaption><\/figure>\n\n\n\n<p>Bei seinen Rundg\u00e4ngen auf der Veranstaltung stattete uns nicht nur Andreas Hartmann von der Volksbank, sondern auch Geras Oberb\u00fcrgermeister Julian Vonarb am Stand einen Besuch ab. Auch wenn es am Ende f\u00fcr unseren OBSSC nicht zu einer weiteren Ehrung gereicht hat, war es dennoch eine sch\u00f6ne Veranstaltung.<\/p>\n\n\n\n<figure class=\"wp-block-image size-large\"><img loading=\"lazy\" decoding=\"async\" width=\"1024\" height=\"634\" src=\"https:\/\/obssc.de\/wp-content\/uploads\/2020\/05\/P1000371x-1024x634.jpg\" alt=\"\" class=\"wp-image-436\" srcset=\"https:\/\/obssc.de\/wp-content\/uploads\/2020\/05\/P1000371x-1024x634.jpg 1024w, https:\/\/obssc.de\/wp-content\/uploads\/2020\/05\/P1000371x-300x186.jpg 300w, https:\/\/obssc.de\/wp-content\/uploads\/2020\/05\/P1000371x-768x476.jpg 768w, https:\/\/obssc.de\/wp-content\/uploads\/2020\/05\/P1000371x-1536x951.jpg 1536w, https:\/\/obssc.de\/wp-content\/uploads\/2020\/05\/P1000371x-2048x1268.jpg 2048w\" sizes=\"auto, (max-width: 767px) 89vw, (max-width: 1000px) 54vw, (max-width: 1071px) 543px, 580px\" \/><figcaption>wir konnten am Stand die Vielfalt unseres Hobbys pr\u00e4sentieren<\/figcaption><\/figure>\n\n\n\n<p class=\"has-medium-font-size\">Weiterhin sind wir immer auf der Suche nach interessanten M\u00f6glichkeiten unser vielf\u00e4ltiges und sch\u00f6nes Hobby zu pr\u00e4sentieren. Sollte sich eine Chance ergeben, bzw. wenn eine Einrichtung in Gera und Umgebung freie Kapazit\u00e4ten hat, so darf man gerne auf uns zukommen. Eine Anfrage kann unter <a href=\"mailto:obssc@t-online.de\">obssc@t-online.de<\/a> an uns gerichtet werden.<\/p>\n","protected":false},"excerpt":{"rendered":"<p>Ein Anliegen unserer Vereinsarbeit ist es von Anfang an, unser sch\u00f6nes Hobby einer breiten \u00d6ffentlichkeit vorzustellen. Dazu nutzten wir bereits im Sommer 2001 die Ausstellung im Geraer Museum f\u00fcr angewandte Kunst &#8222;Von der Kunst schwarz zu sehen&#8220; zur Geschichte der K\u00f6stritzer Schwarzbierbrauerei. Daf\u00fcr stellten Clubmitglieder spezielle Leihgaben zur Verf\u00fcgung. Ausgehend davon, dass die H\u00f6hler unter &hellip; <\/p>\n<p class=\"link-more\"><a href=\"https:\/\/obssc.de\/?page_id=200\" class=\"more-link\"><span class=\"screen-reader-text\">\u201ePr\u00e4sentationen\u201c <\/span>weiterlesen<\/a><\/p>\n","protected":false},"author":1,"featured_media":0,"parent":175,"menu_order":0,"comment_status":"closed","ping_status":"closed","template":"","meta":{"footnotes":""},"class_list":["post-200","page","type-page","status-publish","hentry"],"_links":{"self":[{"href":"https:\/\/obssc.de\/index.php?rest_route=\/wp\/v2\/pages\/200","targetHints":{"allow":["GET"]}}],"collection":[{"href":"https:\/\/obssc.de\/index.php?rest_route=\/wp\/v2\/pages"}],"about":[{"href":"https:\/\/obssc.de\/index.php?rest_route=\/wp\/v2\/types\/page"}],"author":[{"embeddable":true,"href":"https:\/\/obssc.de\/index.php?rest_route=\/wp\/v2\/users\/1"}],"replies":[{"embeddable":true,"href":"https:\/\/obssc.de\/index.php?rest_route=%2Fwp%2Fv2%2Fcomments&post=200"}],"version-history":[{"count":6,"href":"https:\/\/obssc.de\/index.php?rest_route=\/wp\/v2\/pages\/200\/revisions"}],"predecessor-version":[{"id":443,"href":"https:\/\/obssc.de\/index.php?rest_route=\/wp\/v2\/pages\/200\/revisions\/443"}],"up":[{"embeddable":true,"href":"https:\/\/obssc.de\/index.php?rest_route=\/wp\/v2\/pages\/175"}],"wp:attachment":[{"href":"https:\/\/obssc.de\/index.php?rest_route=%2Fwp%2Fv2%2Fmedia&parent=200"}],"curies":[{"name":"wp","href":"https:\/\/api.w.org\/{rel}","templated":true}]}}