{"id":183,"date":"2020-03-21T19:58:46","date_gmt":"2020-03-21T19:58:46","guid":{"rendered":"http:\/\/obssc.info\/?page_id=183"},"modified":"2020-04-30T13:05:32","modified_gmt":"2020-04-30T13:05:32","slug":"wien-und-belgien","status":"publish","type":"page","link":"https:\/\/obssc.de\/?page_id=183","title":{"rendered":"Wien"},"content":{"rendered":"\n<p class=\"has-medium-font-size\"><strong>Wien &#8211; immer eine Reise wert<\/strong><\/p>\n\n\n\n<p><em>&#8211; ein Bericht von Bernd und Mario Coppi &#8211;<\/em>&nbsp;<\/p>\n\n\n\n<p>W\u00e4hrend eines mehrt\u00e4gigen Aufenthaltes in Wien besuchten Bernd und Mario Coppi das 3. Internationale Tauschtreffen des 1. \u00d6sterreichischen Brauerei-Souvenir-Sammler-Clubs (1. \u00d6BSC). Das Treffen fand am 17. September 2011 auf dem Gerstenboden der Ottakringer Brauerei statt und war die erste Tauschb\u00f6rse in Wien nach 28 Jahren.<\/p>\n\n\n\n<figure class=\"wp-block-image size-full\"><img loading=\"lazy\" decoding=\"async\" width=\"300\" height=\"173\" src=\"https:\/\/obssc.de\/wp-content\/uploads\/2020\/03\/wien2.jpg\" alt=\"\" class=\"wp-image-148\"\/><figcaption>Tauschgeschehen auf dem Gerstenboden<\/figcaption><\/figure>\n\n\n\n<p>Die dicken Mauern und die beeindruckende Holzdecke des Gerstenbodens geh\u00f6ren zu dem \u00e4ltesten heute noch bestehenden Teil der Brauerei. Bereits am Vorabend kam es in der Brauerei-Gastst\u00e4tte &#8222;Bierfink&#8220; zu einer herzlichen Begegnung mit dem Obmann des 1. \u00d6BSC, Fritz Huber.<\/p>\n\n\n\n<figure class=\"wp-block-image size-full\"><img loading=\"lazy\" decoding=\"async\" width=\"300\" height=\"162\" src=\"https:\/\/obssc.de\/wp-content\/uploads\/2020\/03\/wien4.jpg\" alt=\"\" class=\"wp-image-89\"\/><figcaption>Fam Leisching, Mario Coppi, Fritz Huber und Bernd Coppi (v.l.)<\/figcaption><\/figure>\n\n\n\n<p>Zum Tauschtreffen selbst waren weitaus weniger Sammler erschienen, als wir das von unseren eigenen und anderen Tauschtreffen in Deutschland gewohnt sind. Trotzdem entwickelte sich in fast famili\u00e4rer Atmosph\u00e4re eine rege Tauscht\u00e4tigkeit. Leider waren von \u00f6sterreichischer Seite vorwiegend Bierdeckelsammler anwesend, so dass es f\u00fcr uns als Etiketten-Sammler nicht viel zu holen gab. Dennoch war der Besuch dieser Tauschb\u00f6rse ein Erlebnis, in dessen Ergebnis wir die entstandenen Kontakte mit den \u00f6sterreichischen Sammlern k\u00fcnftig vertiefen wollen.<\/p>\n\n\n\n<figure class=\"wp-block-image size-full\"><img loading=\"lazy\" decoding=\"async\" width=\"266\" height=\"300\" src=\"https:\/\/obssc.de\/wp-content\/uploads\/2020\/03\/wien6.jpg\" alt=\"\" class=\"wp-image-11\"\/><figcaption>bekanntes Wahrzeichen &#8211; das Riesenrad im Prater<\/figcaption><\/figure>\n\n\n\n<p>Bei den Erkundungen der vielen Sehensw\u00fcrdigkeiten Wiens lie\u00dfen wir nat\u00fcrlich auch die Gasthaus-Brauereien nicht zu kurz kommen. Bei top Wetter mit sommerlichen Temperaturen schmeckte uns das Bier in den neun besuchten Hausbrauereien besonders gut. Allerdings war es uns nicht m\u00f6glich alle Braust\u00e4tten der Stadt zu besuchen.<\/p>\n\n\n\n<p><\/p>\n","protected":false},"excerpt":{"rendered":"<p>Wien &#8211; immer eine Reise wert &#8211; ein Bericht von Bernd und Mario Coppi &#8211;&nbsp; W\u00e4hrend eines mehrt\u00e4gigen Aufenthaltes in Wien besuchten Bernd und Mario Coppi das 3. Internationale Tauschtreffen des 1. \u00d6sterreichischen Brauerei-Souvenir-Sammler-Clubs (1. \u00d6BSC). Das Treffen fand am 17. September 2011 auf dem Gerstenboden der Ottakringer Brauerei statt und war die erste Tauschb\u00f6rse &hellip; <\/p>\n<p class=\"link-more\"><a href=\"https:\/\/obssc.de\/?page_id=183\" class=\"more-link\"><span class=\"screen-reader-text\">\u201eWien\u201c <\/span>weiterlesen<\/a><\/p>\n","protected":false},"author":1,"featured_media":0,"parent":179,"menu_order":0,"comment_status":"closed","ping_status":"closed","template":"","meta":{"footnotes":""},"class_list":["post-183","page","type-page","status-publish","hentry"],"_links":{"self":[{"href":"https:\/\/obssc.de\/index.php?rest_route=\/wp\/v2\/pages\/183","targetHints":{"allow":["GET"]}}],"collection":[{"href":"https:\/\/obssc.de\/index.php?rest_route=\/wp\/v2\/pages"}],"about":[{"href":"https:\/\/obssc.de\/index.php?rest_route=\/wp\/v2\/types\/page"}],"author":[{"embeddable":true,"href":"https:\/\/obssc.de\/index.php?rest_route=\/wp\/v2\/users\/1"}],"replies":[{"embeddable":true,"href":"https:\/\/obssc.de\/index.php?rest_route=%2Fwp%2Fv2%2Fcomments&post=183"}],"version-history":[{"count":5,"href":"https:\/\/obssc.de\/index.php?rest_route=\/wp\/v2\/pages\/183\/revisions"}],"predecessor-version":[{"id":364,"href":"https:\/\/obssc.de\/index.php?rest_route=\/wp\/v2\/pages\/183\/revisions\/364"}],"up":[{"embeddable":true,"href":"https:\/\/obssc.de\/index.php?rest_route=\/wp\/v2\/pages\/179"}],"wp:attachment":[{"href":"https:\/\/obssc.de\/index.php?rest_route=%2Fwp%2Fv2%2Fmedia&parent=183"}],"curies":[{"name":"wp","href":"https:\/\/api.w.org\/{rel}","templated":true}]}}